Nov 30 23:40:42.888 INFO testing theSeafarer/arduino_hal against master#8940af3cea4a9a9deabcaf843b2f8cad9a83fc61 for beta-1.31-5
Nov 30 23:40:42.888 INFO running `"docker" "create" "-v" "/mnt/big/crater/work/local/target-dirs/beta-1.31-5/worker-2/master#8940af3cea4a9a9deabcaf843b2f8cad9a83fc61:/target:rw,Z" "-v" "/mnt/big/crater/work/local/test-source/worker-2/beta-1.31-5/master#8940af3cea4a9a9deabcaf843b2f8cad9a83fc61:/source:ro,Z" "-v" "/mnt/big/crater/work/local/cargo-home:/cargo-home:ro,Z" "-v" "/mnt/big/crater/work/local/rustup-home:/rustup-home:ro,Z" "-e" "USER_ID=1000" "-e" "SOURCE_DIR=/source" "-e" "USER_ID=1000" "-e" "CMD=cargo +8940af3cea4a9a9deabcaf843b2f8cad9a83fc61-alt build --frozen" "-e" "CARGO_TARGET_DIR=/target" "-e" "CARGO_INCREMENTAL=0" "-e" "RUST_BACKTRACE=full" "-e" "RUSTFLAGS=--cap-lints=warn" "-e" "CARGO_HOME=/cargo-home" "-e" "RUSTUP_HOME=/rustup-home" "-m" "1536M" "--network" "none" "crater"`
Nov 30 23:40:43.151 INFO [stdout] d961fda330fd34521738953d3436d52988aa3cd5b25d452a7e834b5aad3ed7f4
Nov 30 23:40:43.157 INFO running `"docker" "start" "-a" "d961fda330fd34521738953d3436d52988aa3cd5b25d452a7e834b5aad3ed7f4"`
Nov 30 23:40:44.007 INFO [stderr] usermod: no changes
Nov 30 23:40:44.083 INFO [stderr]    Compiling void v1.0.2
Nov 30 23:40:44.083 INFO [stderr]    Compiling nb v0.1.1
Nov 30 23:40:44.083 INFO [stderr]    Compiling ux v0.1.2
Nov 30 23:40:44.347 INFO [stderr]    Compiling embedded-hal v0.2.1
Nov 30 23:40:59.174 INFO [stderr]    Compiling arduino_hal v0.1.0 (/source)
Nov 30 23:40:59.281 INFO [stderr] error[E0554]: #![feature] may not be used on the beta release channel
Nov 30 23:40:59.281 INFO [stderr]  --> src/lib.rs:5:1
Nov 30 23:40:59.281 INFO [stderr]   |
Nov 30 23:40:59.281 INFO [stderr] 5 | #![feature(asm)]
Nov 30 23:40:59.281 INFO [stderr]   | ^^^^^^^^^^^^^^^^
Nov 30 23:40:59.281 INFO [stderr] 
Nov 30 23:40:59.281 INFO [stderr] error[E0554]: #![feature] may not be used on the beta release channel
Nov 30 23:40:59.281 INFO [stderr]  --> src/lib.rs:6:1
Nov 30 23:40:59.281 INFO [stderr]   |
Nov 30 23:40:59.281 INFO [stderr] 6 | #![feature(never_type)]
Nov 30 23:40:59.281 INFO [stderr]   | ^^^^^^^^^^^^^^^^^^^^^^^
Nov 30 23:40:59.281 INFO [stderr] 
Nov 30 23:40:59.281 INFO [stderr] error[E0554]: #![feature] may not be used on the beta release channel
Nov 30 23:40:59.281 INFO [stderr]  --> src/lib.rs:8:1
Nov 30 23:40:59.281 INFO [stderr]   |
Nov 30 23:40:59.281 INFO [stderr] 8 | #![feature(lang_items)]
Nov 30 23:40:59.281 INFO [stderr]   | ^^^^^^^^^^^^^^^^^^^^^^^
Nov 30 23:40:59.281 INFO [stderr] 
Nov 30 23:40:59.281 INFO [stderr] error: aborting due to 3 previous errors
Nov 30 23:40:59.281 INFO [stderr] 
Nov 30 23:40:59.281 INFO [stderr] For more information about this error, try `rustc --explain E0554`.
Nov 30 23:40:59.284 INFO [stderr] error: Could not compile `arduino_hal`.
Nov 30 23:40:59.284 INFO [stderr] 
Nov 30 23:40:59.284 INFO [stderr] To learn more, run the command again with --verbose.
Nov 30 23:40:59.284 INFO [stderr] su: No module specific data is present
Nov 30 23:40:59.531 INFO running `"docker" "inspect" "d961fda330fd34521738953d3436d52988aa3cd5b25d452a7e834b5aad3ed7f4"`
Nov 30 23:40:59.609 INFO running `"docker" "rm" "-f" "d961fda330fd34521738953d3436d52988aa3cd5b25d452a7e834b5aad3ed7f4"`
Nov 30 23:40:59.697 INFO [stdout] d961fda330fd34521738953d3436d52988aa3cd5b25d452a7e834b5aad3ed7f4
